{"id":1144,"date":"2019-10-29T22:43:09","date_gmt":"2019-10-29T22:43:09","guid":{"rendered":"http:\/\/freebiker-burg.com\/?page_id=1144"},"modified":"2020-01-08T09:54:11","modified_gmt":"2020-01-08T09:54:11","slug":"r-i-p","status":"publish","type":"page","link":"http:\/\/freebiker-burg.com\/?page_id=1144","title":{"rendered":"R.I.P."},"content":{"rendered":"<h1 style=\"text-align: center;\"><strong>KLAUS 26.10.2019<\/strong><\/h1>\n<p><img loading=\"lazy\" decoding=\"async\" class=\"alignnone wp-image-1145\" src=\"http:\/\/freebiker-burg.com\/wp-content\/uploads\/2019\/10\/IMG_7711-1-245x300.jpg\" alt=\"\" width=\"765\" height=\"937\" srcset=\"http:\/\/freebiker-burg.com\/wp-content\/uploads\/2019\/10\/IMG_7711-1-245x300.jpg 245w, http:\/\/freebiker-burg.com\/wp-content\/uploads\/2019\/10\/IMG_7711-1-768x942.jpg 768w, http:\/\/freebiker-burg.com\/wp-content\/uploads\/2019\/10\/IMG_7711-1-835x1024.jpg 835w, http:\/\/freebiker-burg.com\/wp-content\/uploads\/2019\/10\/IMG_7711-1.jpg 1504w\" sizes=\"auto, (max-width: 765px) 100vw, 765px\" \/><\/p>\n<p>&nbsp;<\/p>\n<p>&nbsp;<\/p>\n<p>&nbsp;<\/p>\n<h3>Es gibt Tage da f\u00fchle ich mich als &#8222;Schmierfink&#8220; des Clubs wohl, ich bin in meinem Element! Ich kann schreiben wie geil eine Party war oder was der Club Geniales erlebt hat. An diesen Tagen finde ich immer die richtigen Worte&#8230;&#8230;&#8230;&#8230;..Heute nicht!<\/h3>\n<h3>Am 26.10. ereilte uns die Nachricht \u00fcber deinen Tot. Zu fr\u00fch, zu schnell, \u00a0zu Alles eigentlich!!!<\/h3>\n<h3>Du hinterl\u00e4sst ein Loch das Niemand \u00a0f\u00fcllen kann. Nie wieder wirst du uns erkl\u00e4ren wie man einen Pavillon richtig aufbaut, nie wieder wird der Duft deiner Erbsensuppe zur Sommerparty \u00fcber unseren Campground fliegen, nie wieder &#8230;&#8230;zu viel um es mit Worten und Bildern in Erinnerungen zu kleiden!<\/h3>\n<h3>Klaus du warst Gr\u00fcndungsmember, gute Seele, knorriger \u00dcbervater, Hausmeister, Ratgeber, Koch, Organisator, und und und! Du gabst dem Club ein zu Hause und warst immer da wenn wir dich brauchten. Du warst manchmal ein Fluch aber fast immer ein Seegen. Eins warst du aber immer&#8230;.&#8220;ein verdammt gerader Kerl&#8220;!!<\/h3>\n<h3>Du bist nicht von Uns gegangen, sondern nur vor Uns gegangen!<\/h3>\n<h3>Lass es Dir gut gehen wo immer du jetzt bist. Ruhe in Frieden!<\/h3>\n<h3>Der letzte Korn geht nur auf Dich!<\/h3>\n<p>&nbsp;<\/p>\n<h3><\/h3>\n<p>&nbsp;<\/p>\n<p>&nbsp;<\/p>\n<p>&nbsp;<\/p>\n","protected":false},"excerpt":{"rendered":"<p>KLAUS 26.10.2019 &nbsp; &nbsp; &nbsp; Es gibt Tage da f\u00fchle ich mich als &#8222;Schmierfink&#8220; des Clubs wohl, ich bin in meinem Element! Ich kann schreiben wie geil eine Party war oder was der Club Geniales erlebt hat. An diesen Tagen finde ich immer die richtigen Worte&#8230;&#8230;&#8230;&#8230;..Heute nicht! Am 26.10. ereilte uns die Nachricht \u00fcber deinen [&hellip;]<\/p>\n","protected":false},"author":1,"featured_media":0,"parent":0,"menu_order":0,"comment_status":"closed","ping_status":"closed","template":"","meta":{"footnotes":""},"class_list":["post-1144","page","type-page","status-publish","hentry"],"_links":{"self":[{"href":"http:\/\/freebiker-burg.com\/index.php?rest_route=\/wp\/v2\/pages\/1144","targetHints":{"allow":["GET"]}}],"collection":[{"href":"http:\/\/freebiker-burg.com\/index.php?rest_route=\/wp\/v2\/pages"}],"about":[{"href":"http:\/\/freebiker-burg.com\/index.php?rest_route=\/wp\/v2\/types\/page"}],"author":[{"embeddable":true,"href":"http:\/\/freebiker-burg.com\/index.php?rest_route=\/wp\/v2\/users\/1"}],"replies":[{"embeddable":true,"href":"http:\/\/freebiker-burg.com\/index.php?rest_route=%2Fwp%2Fv2%2Fcomments&post=1144"}],"version-history":[{"count":8,"href":"http:\/\/freebiker-burg.com\/index.php?rest_route=\/wp\/v2\/pages\/1144\/revisions"}],"predecessor-version":[{"id":1156,"href":"http:\/\/freebiker-burg.com\/index.php?rest_route=\/wp\/v2\/pages\/1144\/revisions\/1156"}],"wp:attachment":[{"href":"http:\/\/freebiker-burg.com\/index.php?rest_route=%2Fwp%2Fv2%2Fmedia&parent=1144"}],"curies":[{"name":"wp","href":"https:\/\/api.w.org\/{rel}","templated":true}]}}